101
What is the highest common divisor of 531 and 18?
9
Calculate the highest common factor of 752 and 141.
47
Calculate the greatest common divisor of 102 and 1.
1
Calculate the greatest common divisor of 14 and 11172.
14
What is the highest common factor of 180 and 882?
18
What is the greatest common divisor of 150 and 53850?
150
What is the highest common divisor of 369 and 8241?
123
Calculate the highest common factor of 7984 and 128.
16
Calculate the greatest common divisor of 9 and 9.
9
Calculate the highest common divisor of 44 and 1078.
22
What is the greatest common factor of 294 and 126?
42
What is the greatest common factor of 488 and 5978?
122
Calculate the greatest common factor of 4 and 44.
4
Calculate the greatest common divisor of 39 and 923.
13
What is the highest common divisor of 9 and 27?
9
What is the highest common factor of 18 and 48?
6
Calculate the highest common divisor of 45309 and 33.
33
Calculate the highest common divisor of 64 and 48.
16
Calculate the greatest common divisor of 124 and 1612.
124
Calculate the greatest common divisor of 1120 and 370.
10
What is the highest common factor of 1020 and 240?
60
What is the greatest common divisor of 3 and 47?
1
Calculate the greatest common factor of 165 and 891.
33
Calculate the greatest common factor of 177 and 15.
3
What is the highest common divisor of 95 and 15?
5
What is the greatest common factor of 8 and 104?
8
Calculate the greatest common factor of 47 and 2303.
47
What is the highest common factor of 41088 and 192?
192
Calculate the highest common factor of 290 and 58.
58
What is the greatest common factor of 1775 and 71?
71
Calculate the highest common divisor of 805 and 595.
35
Calculate the highest common divisor of 7 and 119.
7
What is the greatest common factor of 740 and 6845?
185
What is the highest common divisor of 12 and 606?
6
What is the greatest common divisor of 133 and 196?
7
Calculate the highest common factor of 7 and 609.
7
Calculate the highest common divisor of 2750 and 75.
25
Calculate the highest common divisor of 996 and 588.
12
What is the greatest common divisor of 1656 and 324?
36
What is the greatest common divisor of 84 and 1428?
84
What is the greatest common factor of 1024 and 432?
16
Calculate the greatest common divisor of 115584 and 56.
56
Calculate the highest common divisor of 651 and 21.
21
Calculate the greatest common divisor of 42 and 126.
42
Calculate the highest common factor of 403 and 279.
31
Calculate the highest common factor of 816 and 153.
51
Calculate the greatest common factor of 159 and 106.
53
What is the greatest common divisor of 51 and 23171?
17
What is the highest common factor of 507 and 39?
39
Calculate the greatest common divisor of 784 and 490.
98
What is the greatest common factor of 27 and 441?
9
Calculate the greatest common divisor of 567 and 357.
21
Calculate the greatest common divisor of 8 and 5664.
8
What is the highest common factor of 1177 and 99?
11
What is the greatest common factor of 120 and 375?
15
Calculate the highest common factor of 176 and 1024.
16
Calculate the highest common factor of 11136 and 87.
87
What is the greatest common divisor of 17 and 918?
17
What is the greatest common factor of 24 and 138?
6
Calculate the greatest common factor of 411 and 1781.
137
Calculate the highest common factor of 35 and 133.
7
Calculate the greatest common divisor of 13 and 559.
13
What is the highest common factor of 2622 and 19?
19
What is the greatest common divisor of 666 and 370?
74
Calculate the highest common factor of 6000 and 125.
125
What is the highest common divisor of 21 and 9?
3
What is the greatest common divisor of 18 and 2178?
18
What is the greatest common divisor of 56 and 8?
8
Calculate the highest common divisor of 6888 and 24.
24
What is the highest common factor of 92 and 11983?
23
What is the highest common factor of 1758 and 6?
6
Calculate the highest common factor of 81 and 81.
81
Calculate the greatest common factor of 64 and 6000.
16
What is the greatest common factor of 364 and 1484?
28
Calculate the greatest common divisor of 1078 and 22.
22
What is the greatest common divisor of 49996 and 116?
116
What is the greatest common divisor of 62 and 465?
31
What is the greatest common divisor of 808 and 64?
8
What is the highest common divisor of 14 and 4438?
14
What is the highest common factor of 5495 and 35?
35
Calculate the greatest common factor of 1316 and 56.
28
Calculate the greatest common divisor of 20 and 148.
4
Calculate the highest common factor of 12 and 1068.
12
What is the highest common divisor of 117 and 315?
9
What is the greatest common divisor of 40 and 40?
40
What is the highest common factor of 62 and 6?
2
What is the greatest common divisor of 702 and 108?
54
What is the greatest common divisor of 806 and 62?
62
Calculate the highest common divisor of 8073 and 598.
299
What is the highest common divisor of 4347 and 161?
161
What is the greatest common factor of 387 and 688?
43
Calculate the highest common divisor of 106 and 13250.
106
What is the greatest common divisor of 276 and 48?
12
What is the greatest common factor of 120 and 12360?
120
Calculate the highest common divisor of 175 and 455.
35
Calculate the highest common divisor of 10 and 15970.
10
What is the highest common factor of 72 and 738?
18
Calculate the highest common divisor of 9 and 45.
9
Calculate the greatest common divisor of 17 and 7480.
17
Calculate the greatest common factor of 17 and 1207.
17
Calculate the greatest common divisor of 28 and 147.
7
What is the highest common factor of 12702 and 6?
6
Calculate the highest common divisor of 24 and 24240.
24
Calculate the highest common factor of 208 and 260.
52
What is the highest common divisor of 80 and 112?
16
What is the highest common divisor of 18 and 2022?
6
Calculate the greatest common divisor of 301 and 14.
7
What is the greatest common factor of 74 and 2146?
74
Calculate the greatest common divisor of 2 and 1889.
1
What is the greatest common divisor of 5 and 650?
5
What is the highest common divisor of 651 and 231?
21
What is the highest common divisor of 88 and 253?
11
What is the highest common divisor of 31 and 2790?
31
What is the greatest common divisor of 175 and 125?
25
What is the highest common divisor of 377 and 29?
29
Calculate the highest common divisor of 1022 and 112.
14
Calculate the highest common factor of 58 and 145.
29
Calculate the highest common divisor of 9 and 117.
9
Calculate the greatest common divisor of 42 and 147.
21
What is the greatest common divisor of 37714 and 1038?
346
What is the greatest common divisor of 242 and 134794?
242
What is the greatest common divisor of 299 and 23?
23
What is the highest common factor of 645 and 3096?
129
Calculate the highest common divisor of 7303 and 201.
67
What is the highest common factor of 56 and 168?
56
Calculate the highest common factor of 198 and 144.
18
What is the greatest common factor of 87 and 87?
87
What is the greatest common divisor of 2300 and 200?
100
What is the greatest common divisor of 1480 and 518?
74
What is the highest common divisor of 420 and 168?
84
Calculate the highest common divisor of 68 and 34.
34
What is the greatest common divisor of 56 and 3500?
28
What is the highest common factor of 19 and 2869?
19
What is the greatest common factor of 7 and 17?
1
What is the greatest common factor of 4212 and 39?
39
What is the highest common factor of 423 and 1457?
47
What is the highest common divisor of 24 and 328?
8
Calculate the greatest common divisor of 84 and 1743.
21
What is the greatest common factor of 870 and 116?
58
Calculate the highest common divisor of 25 and 375.
25
What is the highest common divisor of 34864 and 16?
16
What is the highest common factor of 265 and 53?
53
What is the greatest common factor of 49 and 35?
7
Calculate the highest common factor of 3 and 10551.
3
Calculate the highest common factor of 106 and 4187.
53
Calculate the greatest common factor of 6187 and 23.
23
What is the highest common factor of 71 and 923?
71
What is the highest common divisor of 41285 and 115?
115
Calculate the highest common divisor of 42 and 1.
1
What is the highest common divisor of 2916 and 378?
54
Calculat